 - k. What is the tens digit of y?
9
Suppose -265*g - 19866 = 30696 + 11183. Suppose 0 = -4*v + 496 + 1064. Let p = v + g. What is the units digit of p?
7
Let u(n) = n**3 + 4*n**2 - 5*n. Let h be u(-5). Suppose 5*s - 15 = -h*s. Suppose s*w = y + y + 277, 2*w - 202 = -3*y. What is the units digit of w?
5
Let d = -7261 + 10358. Suppose 9*y - 5417 = d. What is the tens digit of y?
4
Let q(l) = -69*l + 1030. What is the thousands digit of q(-48)?
4
Suppose 2*i - l + 1841 = -3805, 2805 = -i + 5*l. Let m = i + 4155. What is the units digit of m?
0
Suppose 4*k + 94 - 17 = -5*w, 5*w - 40 = 5*k. Let z be k*1/(((-7)/(-2))/7). Let m = -15 - z. What is the units digit of m?
1
Let w be (-2785)/(-11) + (-2 - (-60)/33). Let d = -50 + w. What is the hundreds digit of d?
2
Let y = -8488 + 12790. What is the tens digit of y?
0
Let y = 427 - 287. Suppose -4*o + 1067 = -3*t, 4*o - t - 925 = y. What is the units digit of o?
6
Suppose -5*x - 3*n = -23 - 26, 2*x - 32 = 5*n. Suppose -2*f + 0*q - x = 3*q, 3*f + 2*q = -14. Let j(s) = -3*s**3 - 4*s**2 - 9. What is the units digit of j(f)?
9
Suppose -4*v = 4*j - j - 15427, 5*j - 19290 = -5*v. Let s = v + -2682. What is the tens digit of s?
7
Let y be (-2 + 0)/((-2)/3). Suppose -750 = -2*q - y*q. What is the units digit of q?
0
Let r be (7/(7/(-12)))/(-2). Let u(g) = 57*g - 24. Let y be u(r). Let q = -211 + y. What is the tens digit of q?
0
What is the thousands digit of 30207/((3/6 - 0) + (26 - 25))?
0
Suppose -78*m + 77*m - 2*o = -2, 3*o + 11 = 2*m. Let n(d) = 99*d + 2. What is the tens digit of n(m)?
9
Let f be (5404/14)/(2/2). Suppose g = 4*v + 131, 303 = 5*g - 3*v - f. What is the units digit of g*((-4)/(-2 - 0) - 1)?
9
Suppose 179692 = 4*h - 4*n, -5*n + 76795 + 147820 = 5*h. What is the thousands digit of h?
4
Suppose 41*t = 16*t + 15*t + 124420. What is the thousands digit of t?
2
Let s(n) = 61*n + 6. Let r be s(-1). What is the units digit of 4*((-297)/r)/((-4)/(-65))?
1
Let t be (0 - 0) + (0 + -6 - -8). Let r be t/(-2 - 0)*1. What is the tens digit of 21/7 + (r - -22)?
2
Let n(l) = -401*l + 6. Let f(v) = 802*v - 14. Let s(u) = 4*f(u) + 9*n(u). What is the tens digit of s(-2)?
0
Let z(f) = f**2 - 8*f - 7. Let p be z(9). Let x(b) = 6 + 5*b + 1 - 1 + 155*b**2 + 19*b**p. What is the units digit of x(-1)?
5
Suppose 21*i = 26*i - 155. Suppose -2*r + o + 252 = i, 2*o = -4*r + 438. What is the tens digit of r?
1
Let f(v) = 5*v**3 - 3*v**2 - 5*v + 7. Let i be f(1). Suppose 749 = -2*a - 5*k + 2225, i*a - k = 2930. What is the units digit of a?
3
Suppose 6*z - 9 = 3*z - i, 3*z = 3*i - 3. Let o be (-8 - -2)/z*1. Let q = 79 - o. What is the tens digit of q?
8
Suppose -37*k + 2577571 = 80*k - 1079615. What is the tens digit of k?
5
Let u = 155 + -148. Suppose -3*f = 4*q - 734, -u*q = -9*q + 4*f + 378. What is the hundreds digit of q?
1
Let h(y) = 2*y**2 + 8*y - 8. Let a be h(-5). Suppose l = 2*d - 101, 10*d + 238 = -a*l + 5*d. Let i = -17 - l. What is the units digit of i?
2
Suppose -4*o - 160644 = -3*u, 1757*u - 1755*u + 5*o - 107096 = 0. What is the hundreds digit of u?
5
Suppose -86*v = 49*v - 358425. What is the units digit of v?
5
Let v(f) = f - 13. Let h be v(16). Let b(w) = 19*w**2 + 7*w - 5. Let k be b(h). Suppose -s + k = -o, -5*s + 929 = -0*s - 2*o. What is the tens digit of s?
8
Suppose 5*l - 4*s = 55845, 0 = 4*l + 4*s - 52563 + 7851. What is the tens digit of l?
7
Suppose 0 = -3*h - z - 20, -h - 4*h = 5*z + 30. What is the units digit of (-1100)/(-35) - (-3)/h?
1
Suppose -1 = 3*g - 1. Let p(f) = f**3 + 2*f**2 + 2*f + 4. Let j be p(g). Suppose -3*n + y + 176 = 2*y, -108 = -2*n + j*y. What is the units digit of n?
8
Suppose -17 = 48*b - 161. Suppose -10*k + 10073 = -b*k. What is the hundreds digit of k?
4
Let z(g) = 6*g - 9. Suppose 16*f = 6*f + 20. Let x be z(f). Suppose -3*d + 4*d - 4*j - 59 = 0, -3*d + 141 = -x*j. What is the tens digit of d?
4
Suppose 0 = -2*f + 2*i + 7 + 5, 2*i = -3*f + 8. Suppose -2550 = -f*x - 718. What is the tens digit of x?
5
Suppose 78*d - 10836 = 75*d - 4*u, 0 = 2*d - 5*u - 7178. What is the thousands digit of d?
3
Suppose -4*w - 3*g + 20617 + 53514 = 0, -5*w + 3*g = -92630. What is the hundreds digit of w?
5
Let l(y) = 118*y**2 - 46*y - 397. What is the thousands digit of l(-9)?
9
Let j = 43471 + -12773. What is the ten thousands digit of j?
3
Let o(z) = -z**2 + 18*z + 19. Let b be o(21). Let t = 284 - b. What is the hundreds digit of t?
3
Let i = -830 + 834. Suppose -4*j = i*h - 4588, 11*h - 2*j + 5744 = 16*h. What is the tens digit of h?
5
Let j(s) be the third derivative of -29*s**2 + 11/6*s**3 + 0 + 1/120*s**6 + 17/60*s**5 + 13/24*s**4 + 0*s. What is the tens digit of j(-16)?
5
Let s(f) = 11*f**2 + 9*f - 26. Let g be s(8). Suppose 5*j - 5*m = 4*j + 166, -g = -5*j + 5*m. Let l = -61 + j. What is the tens digit of l?
8
Let h(c) = c**2 - 6*c - 12. Suppose -2*y - 22 = -2*k, -3*k + y + 37 = -3*y. Let b be h(k). What is the tens digit of (-5)/b*(111 + -2)?
0
Let t(g) = 3*g**2 - 75*g - 1456. What is the units digit of t(-100)?
4
Let v(z) be the first derivative of 2*z + 3/2*z**2 - 38 + 30*z**3. What is the tens digit of v(-1)?
8
Suppose 0 = -2*p - 10, 2*x = -x + 2*p + 118. Suppose 39*l = x*l - 3519. What is the hundreds digit of l/(-7) - 16/28?
1
Suppose 6*s - 6955 - 17663 = 0. Suppose -s = -15*v + 4*v. What is the units digit of v?
3
Let i(a) = 12*a**3 - 13*a**2 + 50*a + 24. What is the thousands digit of i(13)?
4
Suppose -2*o - 43*u + 50547 = -44*u, 75775 = 3*o + 5*u. What is the ten thousands digit of o?
2
Let p(u) = -u**3 + 2*u + 1. Let g be p(0). Let q be ((-18)/27)/(g + (-17)/15). Suppose q*r + 588 = 11*r. What is the tens digit of r?
9
Suppose -11*r + 250191 + 101310 = 115001. What is the hundreds digit of r?
5
Suppose 7*c - 57 - 27 = 0. Suppose 0 = 6*b - 18 - c. Suppose b*g = 8*g - 285. What is the tens digit of g?
9
Suppose 10*t - 1316 - 5554 = 0. What is the tens digit of t?
8
Suppose 4*p = -b + 6386, 4*p = 24*b + 46414 - 199778. What is the tens digit of b?
9
Suppose 3*m - r - 73516 = 0, -2*m - 5*r + 22635 = -26370. What is the hundreds digit of m?
5
Suppose 3*b - 8*b + 40 = 0. Suppose c + b*c = 801. Let u = 40 + c. What is the units digit of u?
9
Let i = 31146 + -18736. What is the units digit of i?
0
Let i(c) = 36*c**2 + 32*c + 3. Let m be i(16). What is the thousands digit of (1/1)/(-5 + m/1946)?
1
Let w(a) = a**2 - 2*a - 29. Let m(q) = -3*q + 1. Let j(r) = -5*m(r) + w(r). What is the units digit of j(-16)?
4
Let a = 22022 + -8178. What is the hundreds digit of a?
8
Let p = -1440 + 10047. What is the hundreds digit of p?
6
Suppose -4*w = -3*f - 2*f + 3040, -2*w = -4*f + 2426. Suppose 3*d = -3*i + 3990, -i = 5*d - 742 - f. What is the thousands digit of i?
1
What is the tens digit of (-1)/2 - (-14188)/8*1?
7
Suppose -s - 3*w + 409 = 0, 5*s - 4*w - 1767 = 183. Let u = s + -280. What is the units digit of u?
4
Let b = 1327 - 835. Let x = -93 + b. What is the hundreds digit of x?
3
Suppose -179*q + 189*q - 103860 = 0. What is the hundreds digit of q?
3
Let z = -6609 - -15003. What is the tens digit of z?
9
Let j be (-135)/30 + (-2)/(-4). Let b be 4/(-34) + j/(-34). Suppose -2*l + 3*l - 45 = b. What is the tens digit of l?
4
Let y(w) = 7*w**3 - 9*w**2 + 11*w + 27. Let f be y(6). Let o = f + -901. What is the tens digit of o?
8
Let x(t) = -2*t**3 - 22*t**2 + 23*t - 143. What is the thousands digit of x(-21)?
8
Suppose -18*q + 11*q + 127288 = 0. Suppose -17*d + q + 5293 = 0. What is the tens digit of d?
8
Suppose 0 = 3*p + 3*n - 30, 2*p = 3*p + 5*n - 10. Suppose p = 2*c - 0. Suppose 4*a = c*l - 615, 3*a - 7 = -l + 116. What is the units digit of l?
3
Suppose 0 = 5*b + t - 1027 - 489, -2*b + 611 = 5*t. Suppose 0 = 11*u - b - 170. What is the units digit of u?
3
Suppose -3*x = -2*x - 88. Let z be 2/(-11) - (-1160)/x. Suppose 0 = -z*j + 12*j + 113. What is the tens digit of j?
1
Suppose -53*p - 46908 = -65*p. What is the tens digit of p?
0
Suppose r + 5*p - 2360 = 1690, -5*r = -4*p - 20192. What is the hundreds digit of r?
0
Suppose 5*z = -4*n + 7191 + 1364, 4*z - 4270 = -2*n. Suppose -n = -3*r + 297. What is the tens digit of r?
1
Suppose -55 = -17*w + 122 - 7. Suppose 3 + 3 = m. Suppose w*y - m*y = 292. What is the units digit of y?
3
Let i(w) = -12*w + 15. Let y be i(1). Suppose